eatest common divisor of 2 and f.
2
Suppose 25 = 17*x - 12*x. Suppose 0 = -5*y - 4*z + 800 - 73, -2*y + x*z = -271. Calculate the greatest common divisor of y and 13.
13
Let f be (44/55)/((-8)/1260*-3). Calculate the greatest common divisor of f and 7.
7
Let t = 1081 - 1071. What is the greatest common divisor of 1030 and t?
10
Suppose -2*z - g + 50 = 0, -2*z - z = 3*g - 69. What is the highest common factor of z and 6?
3
Suppose 5*a - 36 = 9. Let y be 5/1 - a - -19. Calculate the greatest common divisor of 30 and y.
15
Suppose 18*b - 16*b = 36. Let o = b - 1. Calculate the greatest common factor of 34 and o.
17
Let w = -74 - -67. Let o(s) = -9 - 2*s - 3*s + 4*s - s. Let u be o(w). Calculate the highest common divisor of u and 5.
5
Let o be 0*(-2 - -1) + (-6 - -38). Calculate the greatest common factor of 1184 and o.
32
Suppose 0 = 4*z - 2*z - 5*x - 36, 52 = 5*z - 3*x. Let v be 0 + (0 - (-1 + 0)). What is the greatest common divisor of z and v?
1
Let v be (-33)/143 + (-1445)/(-65). Calculate the highest common divisor of 11 and v.
11
Let y(u) = 2*u**2 - u - 5. Let h be y(5). Let m be -5 - ((-6)/(-16) + 203/(-8)). Calculate the greatest common factor of h and m.
20
Suppose a - 7 = -3*f - 0*f, -11 = 3*a + f. Let r be ((-9)/(-4))/((-1)/(-8)). Let n = r + a. What is the highest common factor of n and 26?
13
Let g(t) = 13*t - 53. Let c be g(9). What is the greatest common factor of c and 32?
32
Let t(o) = -75*o - 355. Let f be t(-5). What is the greatest common divisor of f and 320?
20
Let m be 74/(80/(-24) - (2 - 6)). Calculate the greatest common factor of 2775 and m.
111
Let z = -59 - -129. What is the highest common factor of 5 and z?
5
Let h be -2*(5/(-2))/5. Let l be h/3*3*10. Let q = l + 4. Calculate the greatest common divisor of 112 and q.
14
Let c be (12/16)/(34/16320). What is the highest common factor of c and 126?
18
Suppose 2*a = 6*a - 460. Let t = 19318 - 19272. What is the greatest common factor of a and t?
23
Suppose 0 = -3*a - 7*j + 5*j - 183, 0 = -4*j. Let p = -49 - a. Calculate the greatest common divisor of p and 84.
12
Suppose 0 = -9*p + 106 + 110. Let v(c) = c**3 + 11*c**2 - 2*c - 16. Let n be v(-11). Calculate the greatest common divisor of n and p.
6
Let w = 10 + 165. Suppose -103*r + 150 = -97*r. What is the greatest common divisor of r and w?
25
Let v be 6/(-8)*12/3. Let b = 20 + -20. Let t be -4*(v + b - -2). What is the highest common divisor of t and 10?
2
Let u be (2628/90)/((-2)/(-5)). Suppose 0 = -a - 0*a + 2, 2*t = a + 228. Let n = t - u. What is the highest common divisor of 63 and n?
21
Suppose -3*b = -2*g - 1329, -2*g = 2 + 4. What is the greatest common factor of 9 and b?
9
Suppose 48 = -u + 5*u. Let z(p) = 21*p - 5. Let i be z(3). Suppose -2*v + i = 54. Calculate the greatest common factor of u and v.
2
Let g(c) = -37*c**2 - 8*c + 4. Let m be g(5). Let i = m + 111. Let v be (i/(-20))/((-1)/(-2)). Calculate the highest common factor of v and 17.
17
Let q = 185 - 125. Let m be 11 - (-2 + (-2)/1). Calculate the highest common divisor of q and m.
15
Let p(a) = -a**3 + a + 15 - a**2 - 10 - 6*a**2. Let l be p(-8). Suppose 4*d + 84 = 4*v, -3*v + d + 12 = -l. Calculate the greatest common factor of 65 and v.
13
Let p = -1 + -43. Let i be 3 - (-3)/(-3)*p. Calculate the highest common divisor of 235 and i.
47
Let r be (-30)/(-3) - (-5 - 1). Let f(z) = 2*z - 2. Let p be f(4). Suppose p*w - 160 = 4*w. Calculate the greatest common factor of r and w.
16
Suppose 118*d = 121*d - 684. Calculate the greatest common factor of 48 and d.
12
Let c = -4 + 6. Suppose x - 4 = -2*o, -c*o + 6*o = 2*x. What is the highest common divisor of o and 7?
1
Let g be (1 + 93/(-6))/((-1)/132). What is the greatest common factor of g and 66?
66
Let b(g) = -2*g**3 + 22*g**2 + 26*g - 4. Let s be b(11). Calculate the greatest common divisor of s and 94.
94
Let b be (1 - -4) + (-3 - -4). Let j(i) = i**2 - 5*i - 28. Let v be j(9). Calculate the greatest common factor of b and v.
2
Let u = 81 + -58. Let g be (12/(-15))/(1/(-5)). Suppose 8*f - 368 = g*f. Calculate the highest common divisor of f and u.
23
Let i be (-121 - 1)/2*-3. Suppose -3*f = -i - 90. Suppose -102 - 54 = -12*x. Calculate the highest common divisor of x and f.
13
Let z(s) = 2*s + 8. Let q be z(-3). Suppose -q*m + 14 = -2*y, 3*y + 10 = -m - 15. Let o be 122/14 - y/28. What is the greatest common divisor of 99 and o?
9
Let j be (6/(-3))/((-2)/6). Suppose -a = 5*z + 6, 2*z - 2*a = j*z. Let n = z - -6. Calculate the highest common divisor of 1 and n.
1
Let w = 497 - 344. What is the greatest common divisor of 357 and w?
51
Let v = 94 - 85. Suppose -3*d = 5*m - 97, -29 = -4*m - v. What is the highest common divisor of 96 and d?
24
Let k(n) = 16*n**3 - n. Let b be k(1). Let g = b - 12. Suppose -2*w + 30 = -g*x, w - x = -0*w + 16. What is the greatest common factor of w and 9?
9
Let z be 3 + 2 + (-2 - -1). Let n be 2 + 25/3 - z/(-6). Let s = -32 + 76. What is the greatest common divisor of n and s?
11
Suppose 72 = 5*s - s. Let i = -105 + 267. What is the greatest common divisor of s and i?
18
Suppose -3*n + 6*n - 15 = 0. Suppose 0 = -3*a - 5*f + 105, -40 = -5*f - 10. Calculate the highest common divisor of a and n.
5
Suppose -20*m = -18*m - 18. Let w(o) = 2*o**3 - 3*o**2 + 2. Let y be 40/70*(-14)/(-4). Let v be w(y). Calculate the greatest common factor of v and m.
3
Suppose -24 = -k - 4*j, 18 = -k + 5*j - 3. Suppose -m - 8 = 5*h, 0 = -m + k*m + h - 4. What is the greatest common divisor of 1 and m?
1
Let u(q) = -q**3 - 5*q**2 - 7*q - 6. Let h be u(-4). Suppose 6*r - 3*r - 72 = 0. What is the greatest common divisor of h and r?
6
Let a = -797 + 806. Let x = -2 + 2. Let p be 2 - -8 - (x - -1). What is the greatest common factor of a and p?
9
Let j be (-6)/6 - (-3 - (6 + -3)). Let s be (-2 - -1 - (-3 - j))*7. What is the greatest common factor of 196 and s?
49
Let f = 194 + -186. Calculate the greatest common factor of f and 56.
8
Suppose 3*k + 1 = l, -4*k - 3 - 11 = 5*l. Let m be l + -2 + 5/(10/294). Calculate the highest common factor of m and 13.
13
Let d be 12/(-8) + -1 + (-207)/(-6). What is the highest common factor of d and 120?
8
Suppose -4*d + 39 + 5 = 0. Suppose -8*f - d = -59. Calculate the highest common factor of f and 42.
6
Suppose 4*f + 80 = -0*f. Let s = 36 + f. Let c = 19 - s. What is the greatest common divisor of 3 and c?
3
Let l(a) = -38*a - 619. Let p be l(-23). What is the highest common divisor of p and 120?
15
Suppose 0 = 2*p - 36 + 12. Suppose 5*q - j = p - 1, 4*q = -3*j + 5. Calculate the greatest common divisor of q and 1.
1
Let r = -12 + 35. Suppose 0 = r*v - 27*v + 320. Calculate the greatest common factor of v and 10.
10
Suppose 3*b - 98 = 5*k, -2*b + 5*k = -18 - 44. Suppose 0 = -4*t + 9*t - m - 185, 4*t + 7*m = 109. What is the highest common factor of b and t?
36
Let x(j) = j**3 + 5*j**2 - 6*j. Let q be x(-6). Suppose 0*v + v - 2*k - 24 = q, k = -5*v + 142. Calculate the highest common divisor of v and 308.
28
Let p(t) = -6 + 13 - 2*t - 7 + 3*t**2. Let g be p(-1). Calculate the greatest common factor of 30 and g.
5
Suppose 0 = -5*g - 4*d + 25, 0 = -2*g + g + 4*d + 5. Let c be (11/g)/((-4)/(-20)). Calculate the greatest common factor of 121 and c.
11
Suppose 0 = 2*l + w - 1561, -3*l + l + 1551 = 3*w. Calculate the greatest common factor of 27 and l.
27
Let l be (-21)/(-9) + (-6)/(-9). Suppose -4*x + l*d - 11 = 0, -6 = -0*x - x - d. Let f be (x + -4)*6/(-9). What is the greatest common factor of f and 18?
2
Suppose -3*x - 3*y = 0, 3*x - 2*x = -5*y. Let k = 3 + x. Suppose -k*u + 95 = 4*b, -2*u - 5*b = -3*u. What is the highest common factor of 275 and u?
25
Let d = 86 + -57. Let k = 34 - 8. Let w = d - k. Calculate the greatest common factor of w and 21.
3
Suppose 20 = g + 3*g, 2*u = -5*g + 37. Calculate the highest common divisor of 384 and u.
6
Suppose 5*i = 2*p - 2672, 3*p - 4*i = i + 3998. Calculate the highest common factor of 34 and p.
34
Let y(w) = -271*w + 5. Let b be y(-1). Calculate the greatest common factor of b and 12.
12
Let y be (-4)/(-10) + (-1068)/(-30). Suppose -f + y = -36. Calculate the greatest common factor of f and 8.
8
Let c(r) = 9*r - 149. Let b(d) = 3*d - 50. Let u(k) = -17*b(k) + 6*c(k). Let n be u(18). Calculate the highest common f